mber?
False
Is 2568931 a prime number?
True
Is 12774889 a prime number?
True
Is 44697701 composite?
False
Is 12276889 a composite number?
True
Is 4226609 prime?
False
Is 153918509 a prime number?
False
Is 14615165 prime?
False
Is 24807026 a composite number?
True
Is 10073113 a prime number?
False
Is 157587707 a composite number?
False
Is 6037807 prime?
False
Is 1440493 composite?
False
Is 193408577 a composite number?
False
Is 311554013 prime?
True
Is 4200239 composite?
False
Is 6329023 a composite number?
False
Is 232946117 prime?
False
Is 6835073 a composite number?
True
Is 196586203 composite?
True
Is 449889113 a prime number?
False
Is 15320054 a composite number?
True
Is 4903343 composite?
True
Is 1511771 a prime number?
False
Is 72438263 composite?
False
Is 575845603 a composite number?
False
Is 2247295 composite?
True
Is 317701541 prime?
True
Is 59976349 composite?
False
Is 41331151 a composite number?
False
Is 44397169 composite?
False
Is 5702207 a composite number?
True
Is 474479 a composite number?
False
Is 125933071 a composite number?
True
Is 97646023 a prime number?
True
Is 8746639 a prime number?
False
Is 20589181 a prime number?
True
Is 12004711 a prime number?
True
Is 1511623 composite?
True
Is 52472071 a composite number?
False
Is 6134899 a prime number?
False
Is 36086221 a composite number?
True
Is 1949153 composite?
True
Is 7304855 composite?
True
Is 3865837 composite?
True
Is 20651381 prime?
True
Is 71365843 composite?
True
Is 44270027 a prime number?
False
Is 5265841 a prime number?
False
Is 76370149 prime?
True
Is 73364053 a prime number?
False
Is 10379353 a composite number?
False
Is 5514979 composite?
False
Is 3702089 a prime number?
True
Is 20859326 prime?
False
Is 3450829 a prime number?
True
Is 6040153 a composite number?
True
Is 272483641 a prime number?
True
Is 22846741 a composite number?
True
Is 433045247 prime?
True
Is 865913 prime?
False
Is 56668597 composite?
False
Is 80411347 prime?
False
Is 84478451 a prime number?
True
Is 18367267 composite?
False
Is 122069 a composite number?
False
Is 1071401 prime?
True
Is 21827383 a composite number?
True
Is 24993673 a prime number?
True
Is 66664771 a composite number?
True
Is 238400869 composite?
True
Is 1286663935 composite?
True
Is 690538897 prime?
True
Is 283051537 a prime number?
False
Is 10035631 a prime number?
True
Is 96954757 a prime number?
False
Is 179446481 composite?
True
Is 1378337 prime?
True
Is 1656187 a prime number?
False
Is 12054871 prime?
True
Is 310873 a prime number?
False
Is 5813417 a prime number?
False
Is 1221287 a composite number?
True
Is 24948959 composite?
True
Is 158267 a prime number?
False
Is 6836227 a composite number?
True
Is 988898237 a prime number?
True
Is 5817767 prime?
True
Is 2415589 composite?
True
Is 4669723 prime?
False
Is 7695559 prime?
False
Is 126042101 a prime number?
True
Is 2263357 prime?
True
Is 111038281 a prime number?
True
Is 8832959 a composite number?
False
Is 43459883 prime?
False
Is 814423 a composite number?
False
Is 21011041 composite?
True
Is 5156929 composite?
False
Is 2494463 a composite number?
False
Is 56339729 a composite number?
False
Is 720219 prime?
False
Is 16071643 composite?
True
Is 3775729 prime?
True
Is 44459543 a composite number?
True
Is 2004331 prime?
False
Is 70745593 composite?
True
Is 3937079 composite?
False
Is 923771 a prime number?
False
Is 138765131 prime?
False
Is 8085683 a prime number?
True
Is 2435555 a prime number?
False
Is 41834929 prime?
True
Is 21199999 composite?
False
Is 673859 a prime number?
False
Is 11329427 a composite number?
True
Is 38668235 prime?
False
Is 37127149 composite?
True
Is 188565509 prime?
False
Is 1704749 a composite number?
True
Is 87573839 prime?
True
Is 1495177 a prime number?
True
Is 7724131 a prime number?
True
Is 886637 prime?
False
Is 87769841 composite?
False
Is 13711209 prime?
False
Is 1759691 a prime number?
False
Is 171647353 composite?
False
Is 68157731 a prime number?
False
Is 1377601 composite?
False
Is 96056683 composite?
True
Is 14188651 a prime number?
False
Is 119543951 a prime number?
False
Is 400882553 prime?
True
Is 79033013 a prime number?
True
Is 10973021 prime?
False
Is 18260789 a prime number?
True
Is 4031579 a prime number?
True
Is 31963787 composite?
True
Is 153894227 composite?
False
Is 10251497 a prime number?
False
Is 649769 prime?
True
Is 72129557 a composite number?
False
Is 30152219 a composite number?
False
Is 213460673 composite?
True
Is 221571739 prime?
True
Is 32134591 composite?
False
Is 1224623 a composite number?
True
Is 639137 composite?
False
Is 61202893 a prime number?
False
Is 7098109 prime?
True
Is 17378971 a composite number?
False
Is 360829619 a composite number?
False
Is 218941441 a composite number?
True
Is 8651567 prime?
False
Is 13575689 a prime number?
True
Is 223142149 a composite number?
True
Is 164926221 a composite number?
True
Is 16774163 prime?
False
Is 1777439 a prime number?
False
Is 15654449 composite?
False
Is 15106753 a prime number?
True
Is 38121407 a prime number?
True
Is 8060389 composite?
True
Is 515526611 prime?
False
Is 61295359 prime?
True
Is 130268491 a composite number?
False
Is 27101593 composite?
True
Is 28168627 prime?
True
Is 28259753 a composite number?
False
Is 12181727 composite?
True
Is 1769813 composite?
False
Is 62211317 a composite number?
True
Is 8262319 a prime number?
False
Is 145503467 a prime number?
True
Is 822144689 a composite number?
True
Is 4234849 a prime number?
False
Is 36216373 a composite number?
False
Is 153454703 a prime number?
True
Is 13807229 prime?
True
Is 9729827 composite?
True
Is 2142631 a prime number?
False
Is 2388097 a composite number?
False
Is 231169 prime?
True
Is 66045191 a composite number?
True
Is 9338577 composite?
True
Is 9492253 a prime number?
True
Is 4479413 a prime number?
False
Is 5790223 a prime number?
True
Is 765403 composite?
True
Is 6154753 a composite number?
True
Is 24518147 composite?
False
Is 9527171 a composite number?
False
Is 35990347 composite?
True
Is 5563507 a composite number?
True
Is 110292422 prime?
False
Is 171658363 prime?
False
Is 24286649 composite?
True
Is 7910345 a prime number?
False
Is 829505 a composite number?
True
Is 13440851 a composite number?
True
Is 94247623 composite?
True
Is 5248079 composite?
False
Is 44191871 a composite number?
True
Is 40890121 composite?
True
Is 1851571 prime?
True
Is 389508391 composite?
False
Is 192424711 a composite number?
False
Is 1060699 prime?
False
Is 31104869 a composite number?
True
Is 26551669 composite?
False
Is 15692471 a composite number?
True
Is 22904173 composite?
False
Is 17858357 a prime number?
False
Is 6641485 a composite number?
True
Is 653093669 a prime number?
False
Is 4694513 composite?
False
Is 6034207 prime?
True
Is 1426933 prime?
True
Is 39491383 a prime number?
True
Is 25633085 a prime number?
False
Is 1865711 prime?
True
Is 3478219 composite?
True
Is 5366485 composite?
True
Is 5777659 composite?
True
Is 857551 a composite number?
False
Is 3906703 prime?
False
Is 1867553 a composite number?
False
Is 5874419 prime?
True
Is 59897 a prime number?
False
Is 142995361 composite?
False
Is 157481279 composite?
False
Is 67646311 a prime number?
False
Is 4098247 a composite number?
False
Is 9452882 prime?
False
Is 22586533 a prime number?
False
Is 415788319 a prime number?
False
Is 230776189 prime?
False
Is 2312589 composite?
True
Is 5214749 prime?
False
Is 17545601 a prime number?
False
Is 1688443 a prime number?
True
Is 113807863 a prime number?
False
Is 2269733 composite?
False
Is 424951 a composite number?
True
Is 21549487 a composite number?
True
Is 1700845 a composite number?
True
Is 48572087 prime?
True
Is 59975693 prime?
True
Is 4835609 composite?
True
Is 5337221 a prime number?
False
Is 2172927 a prime number?
False
Is 93986 composite?
True
Is 281971631 prime?
True
Is 39383959 a prime number?
True
Is 1842689 prime?
False
Is 11420449 a prime number?
False
Is 9850271 a prime number?
False
Is 43228343 a prime number?
False
Is 316205 prime?
False
Is 395021 prime?
False
Is 115408373 prime?
True
Is 5167247 prime?
True
Is 777706439 composite?
False
Is 5718101 a prime number?
True
Is 345554383 a composite number?
False
Is 47114443 composite?
True
Is 947489 compos